) = k**3 + 14*k**2 - 34*k - 38. Let l be o(-16). Let u(a) = -9*a - 14. Let d be u(l). Let y = 20 + -12. Calculate the highest common divisor of y and d.
8
Let v(u) = 23*u + 15. Let k be v(6). Let a = k - -67. What is the greatest common divisor of 20 and a?
20
Let b = -41 + 68. Suppose -2*i = i - b. What is the highest common factor of 45 and i?
9
Let c(u) = -u - 3. Let d be c(-8). Suppose 0 = 5*y - 5*g - 5, 5*y + 0*g + 4*g = 41. Calculate the highest common divisor of y and d.
5
Let u = 554 - 357. Let d = u - 133. Suppose 3*m + m = d. What is the highest common factor of 24 and m?
8
Let v = 4 + -1. Suppose -v*c + c + y - 5 = 0, 0 = c - 5*y - 2. Let f be (11 + -3)/2 - c. Calculate the greatest common divisor of f and 7.
7
Suppose -23 = -13*i + 42. What is the highest common divisor of i and 5?
5
Let y = 239 - 183. Calculate the highest common factor of y and 56.
56
Let i be (-1)/(-4) - 78/(-8). Suppose -150 + i = -4*p. Suppose -20*g = -8*g - 2100. Calculate the highest common factor of p and g.
35
Suppose 0*k + 92 = 2*k. Let u = k - 32. Let b(z) = z**3 - 142*z**2 - 432*z - 323. Let p be b(145). What is the greatest common divisor of u and p?
14
Let q(z) = -5*z**3 - 3*z**2 - z**2 + 6*z**3 - 3*z**3 + 5*z + 5. Let g be q(5). Let t = -166 - g. Calculate the greatest common factor of t and 22.
22
Let w = -1278 - -1370. What is the greatest common factor of 1 and w?
1
Let w be (1 - -6) + 5 + -4. Let b be -3 + (-30)/(-9) - (-50)/(-6). Let n = w - b. What is the greatest common divisor of n and 16?
16
Let s(p) = -3*p + 23. Let h be s(10). Let v = -5 - h. Suppose 5*d + 45 = z, 0*z - 2*d - 82 = -v*z. Calculate the greatest common divisor of z and 8.
8
Let r(g) = 4*g**3 - 2*g - 2. Let j(m) = 5*m**3 - 3*m - 3. Let b(n) = 5*j(n) - 6*r(n). Let s be b(3). What is the highest common divisor of 135 and s?
15
Let m(b) = b**2 - 5*b - 49. Let w be m(10). Let r = -6 - -7. What is the highest common factor of r and w?
1
Let k be ((-288)/(-21))/(((-16)/(-4))/28). What is the highest common factor of k and 6?
6
Let q(d) = d - 14. Let a be q(10). Let i be a + 2/6*3*10. Calculate the highest common divisor of 2 and i.
2
Let v(u) = -u**3 - 12*u**2 - 11*u + 1. Let r be v(-11). Let n be ((-36)/60)/(r/(-25)). Calculate the highest common divisor of n and 135.
15
Suppose -3*i = -2*a + 2, 2 = 5*i - 3*a + 5*a. Suppose 4*k + 4*h - 144 = i, -3*k + 100 = 3*h - 2*h. What is the highest common divisor of k and 8?
8
Suppose -4*d + 76 = -5*w, 9*d + 20 = 10*d - w. Let s be 4/6*141 - -2. Calculate the highest common factor of s and d.
24
Suppose 13*g - 8 = 9*g. Suppose -g*c + 0 = -4. Suppose -c*s + 8*w - 3*w + 76 = 0, -3*s - 2*w + 152 = 0. What is the greatest common divisor of s and 12?
12
Let c = 1695 - 1682. Calculate the greatest common factor of 299 and c.
13
Let b be (-2)/(-4) + 306/4. Suppose b = 2*r + 15. Suppose 2*a = 2*t - 128, -2*t - 4*a + 91 = -r. What is the greatest common divisor of t and 7?
7
Let z = 9 - 2. Suppose 6*b - 3 = 15. Let p be (-2 + (-1)/b*2)*-21. Calculate the greatest common factor of z and p.
7
Let v be 71 + (3 - (3 - -2)). Suppose h = -9*h + 230. What is the highest common divisor of h and v?
23
Let l be 18/(-117) + 316/26. Suppose -16 - l = -4*m. Suppose -m*x = -85 - 27. What is the greatest common divisor of 24 and x?
8
Let h be -5 + 1 + 2*(2 + -1). Let g be (1/h)/(-4 + (-35)/(-10)). What is the greatest common factor of g and 3?
1
Let r be 6/33 + 436/22. Let w be 4 - (5 - -1) - -1. Let d be (-15)/6*(w + -1). What is the highest common divisor of d and r?
5
Let l = -105 - -108. Suppose l*b - 22 = 2*b. Calculate the highest common divisor of b and 176.
22
Let h be -13*(3 - 1)*-1. Let p be (2170/15 - 6)*12/8. What is the highest common factor of h and p?
26
Suppose t = y - 60, -5*y + 78 = 5*t + 358. Let d = -13 - t. What is the highest common factor of d and 30?
15
Let c be -2*(88/(-4) - -3). Let t = -4 + -11. Let m = 23 - t. Calculate the highest common divisor of m and c.
38
Let a(u) = -5*u. Let f be a(-2). Let v be (-3)/(6/(-10))*1. Suppose 0*y = o + 5*y + v, 0 = -5*o + 2*y + 56. What is the greatest common divisor of f and o?
10
Let d(u) = -u**3 - 8*u**2 + 5*u - 32. Let r be d(-17). Calculate the greatest common divisor of 108 and r.
108
Let o(t) = -t**2 + 17*t - 6. Let l be o(15). Let g = l - 6. What is the highest common factor of g and 36?
18
Let s be (10 - 5 - (-26)/3)*3. What is the greatest common factor of s and 779?
41
Let n be 258/(-2)*(-460)/115. What is the greatest common factor of 8 and n?
4
Suppose -d = -2*b - 6*d + 698, 4*b - d - 1374 = 0. What is the greatest common divisor of 258 and b?
86
Let q be 2858/8 - (-11)/(-44). Suppose -43*p = -46*p + q. Calculate the greatest common factor of 17 and p.
17
Let n(p) = p**3 + 6*p**2 + 4*p + 1. Let g be n(-5). Let v be (-2 - 0 - -3)*4. Suppose -4 = -v*a + 20. Calculate the greatest common factor of a and g.
6
Suppose 0 = l + 5*f - 13, 16*l - 18*l = 2*f - 2. Let n(h) = -80*h + 0 + 2 + 0. Let z be n(l). Calculate the highest common divisor of 18 and z.
18
Let m(v) = -v**2 - 13*v - 15. Let x be m(-10). Suppose 9*u = x*u - 18. What is the highest common divisor of u and 21?
3
Let x(g) = 552*g**2 - 9*g - 18. Let y be x(-2). What is the highest common divisor of 48 and y?
48
Suppose -h + 580 = 5*m, 2*h + 2*h = -5*m + 2260. What is the greatest common divisor of 35 and h?
35
Let g be ((-2)/(-4))/(6/(-12))*-12. What is the greatest common divisor of g and 24?
12
Let l = 84 + -54. Suppose -l = -4*p - 2*c, -4*c + 5 + 1 = 2*p. Calculate the greatest common divisor of 54 and p.
9
Let y(c) = 26*c**3 + c - 2. Let q be y(1). Let v be ((-85)/q - -3)/((-2)/30). Calculate the greatest common factor of v and 42.
6
Let a = 2825 + -2015. Calculate the greatest common factor of a and 90.
90
Suppose 0 = 5*d - 2*p - 669, 4 = 3*p - 5*p. Calculate the highest common factor of 21 and d.
7
Suppose 0 = 2*c - 2 - 2. Let h be 0 - (-51 - 6/c). Suppose 0 = 6*y + 3*y - h. What is the greatest common divisor of y and 66?
6
Suppose 3*x - 26 = -8. Suppose -51 = -x*y + 399. Calculate the highest common factor of 50 and y.
25
Let h be (-3)/2 - 18/(-4). Suppose 0 = 3*y + 2*f - f - 10, h*y = f + 2. Suppose -y + 38 = 3*m. What is the greatest common divisor of 6 and m?
6
Let i = 11 + -13. Let r be (4/i)/((-3)/9). Let u be 122 + (-5)/(10/r). Calculate the greatest common factor of u and 17.
17
Let y = -24 - -35. Suppose -3*r = 4*t - 337, -23 = -2*r - 33. What is the highest common divisor of y and t?
11
Suppose -3*u - 5*i = -38, 0 = -11*u + 10*u - 2*i + 14. Suppose 0*j - 111 = 3*j. Let t = j - -79. Calculate the highest common factor of u and t.
6
Let d(f) = -f**3 + f**2 + 4*f + 3. Let w be d(-1). Let i be (-4)/(-14) - (-38)/14. Let u be 14 + i/(w + -4). Calculate the greatest common factor of 143 and u.
13
Let q = -83 + 10. Let p = q - -118. What is the highest common divisor of 30 and p?
15
Suppose -3*t + 4*m = 9*m - 550, 0 = -4*m + 8. What is the greatest common factor of 216 and t?
36
Let f(o) = o**2 + 3*o - 17. Let c be f(-8). Suppose 4*u = 7*u + 5*n - c, n + 17 = 3*u. What is the highest common divisor of u and 114?
6
Suppose 2*x - 1 = 9. Suppose x*l - 2*p = 330, 82 + 112 = 3*l - 2*p. What is the greatest common factor of 17 and l?
17
Let a be -4 - ((-14)/(-35) - (-37)/(-5)). Calculate the highest common divisor of a and 87.
3
Let d = -75 - -108. Calculate the highest common factor of d and 11.
11
Let c(n) = -4*n - 2. Let l be c(-1). Suppose 5*o - 76 = -l*r, -3*o - 20 = -r - o. Calculate the greatest common divisor of 7 and r.
7
Let x = -1146 - -1242. What is the highest common factor of 48 and x?
48
Let w(v) = -3*v - 23. Let p be w(14). Let j be (-29 + 1)*(-13)/(p/(-30)). What is the highest common divisor of 28 and j?
28
Suppose -3*z + z = -4. Suppose 3*j - 7*j = 0. Suppose 0 = -j*m + 5*m - 70. Calculate the greatest common factor of z and m.
2
Suppose s + 0*f - 64 = 5*f, 3*f - 174 = -3*s. Let m = 83 - s. What is the greatest common factor of 36 and m?
12
Suppose k = -4*o + 213 - 67, 4*k = 8. Let i = 60 - o. What is the highest common factor of 12 and i?
12
Suppose n - 25 - 3 = t, -4*t - 142 = -5*n. Let v = -7 + 10. Let l(i) = 2*i + 4. Let b be l(v). Calculate the greatest common divisor of b and n.
10
Let r(o) = 156*o**2 -